posite number?
False
Suppose -3*r + 293195 = -5*n + 28662, -3*r + 264551 = 4*n. Is r prime?
False
Let y(o) = -27*o**3 - 8*o**2 + 9*o + 3. Let l be y(-8). Suppose -26495 = -4*c + v, c = -c - v + l. Is c composite?
True
Let k = 30 + -53. Let c = k - -27. Is (-29)/(c/(-4 - 88)) prime?
False
Suppose 5*o + v - 2220550 - 1254208 = 0, -5*o - 2*v + 3474761 = 0. Is o composite?
False
Let b = -366 - 569. Let r = b - -3408. Is r prime?
True
Let j = -22340 + 35863. Is j a prime number?
True
Let s = -2592 - -4736. Is 3*35/21 - s/(-2) a composite number?
True
Suppose -23*s - 17664 = -15*s. Let t = s - -6959. Is t a composite number?
False
Let v = 171 - 288. Let j be 984/26 + (-18)/v. Let q = -15 + j. Is q composite?
False
Suppose 212251 = 4*v - 5*z, 5*v - 4*z = 115382 + 149943. Is v prime?
True
Let h(t) = 11*t**2 - 7*t - 8. Suppose 3*d - 45 = 12*d. Let k be h(d). Suppose -2025 = -13*o + k. Is o a prime number?
True
Suppose 3*t - 36 = 3*i - 3717, 4*t = -4*i + 4908. Let z = i + 3306. Is z a prime number?
False
Let o(t) = -449*t**2 - 4*t - 3. Let x(i) = -224*i**2 - 2*i - 1. Let n(f) = 6*o(f) - 13*x(f). Is n(4) a prime number?
True
Is (-2031166)/(-10) - 12/(-30) a prime number?
True
Is 1739575/18 + (-50)/900 composite?
False
Suppose 3*h + 7 - 25 = 0. Let d(o) = -o**2 - 1. Let i(z) = 2*z**3 + 7*z**2 - 17*z + 18. Let p(f) = 5*d(f) + i(f). Is p(h) prime?
False
Let q = -167 + 185. Is 537/q*2*33 a prime number?
False
Suppose 670 - 673 = -w, 0 = 5*p - 4*w - 143683. Is p a composite number?
True
Let j(i) = 18*i**3 - 2*i + 1 - 1 - 15*i**2 - 1 + 2*i**2. Let m be j(7). Suppose -z + m = z. Is z a composite number?
True
Let v(o) = -238*o + 64. Let n be v(-15). Suppose 2*y + 156 - n = 0. Is y prime?
False
Let d(r) = r**3 - 2*r**2 + r. Let l be d(1). Let h(s) = 11*s**3 + 6*s**2 - 13*s + 4. Let q be h(3). Suppose 2*v - 2478 - q = l. Is v a prime number?
False
Let z(t) be the third derivative of 127*t**7/5040 - t**6/360 + 11*t**5/30 + 7*t**2. Let g(q) be the third derivative of z(q). Is g(3) composite?
False
Let f(y) = -6*y + 0*y + 25*y**3 - 2*y**2 - 3 - 23*y**3 - 14*y. Let a be f(10). Let v = -720 + a. Is v a composite number?
False
Let h = -409 - -432. Suppose h*n - 24*n = 2*j - 9519, -2*j - 2 = 0. Is n a prime number?
True
Suppose 35 = -5*c - 120. Let u = c - -36. Let v(z) = 6*z**3 - 4*z**2 + 5*z + 2. Is v(u) a prime number?
True
Let g(y) = -569*y + 169. Let a be -21 - (129/86 - 5/2). Is g(a) composite?
False
Let l(q) be the second derivative of -q**5/20 + 13*q**4/12 + 5*q**3/3 + 13*q**2/2 + 28*q. Suppose 0 = -2*j + 6, -5*m + 68 = -0*j + j. Is l(m) prime?
False
Let n(f) = 2393*f - 673. Is n(32) composite?
True
Let a(u) = 7604*u**3 + 2*u**2 - u + 2. Let i(n) = -n**3 + n**2 + 42*n + 1. Let s be i(7). Is a(s) prime?
True
Suppose -3*h - 5*t - 75620 = 0, 25240 = 6*h - 7*h + 5*t. Let v = 43328 + h. Is v a prime number?
False
Let n(s) be the first derivative of -163*s**2/2 - 77*s + 15. Is n(-10) a composite number?
False
Let t(i) = 6*i**2 + 5*i - 5. Let x(w) = 2*w**3 - 2*w**2 - 4*w - 3. Let l be x(-2). Let y = l - -27. Is t(y) a composite number?
False
Let y(l) = 23*l + 14. Let z be y(2). Let g be ((-8)/(-10))/(z/(-150)). Is g*(-2)/(-16) + (-20862)/(-24) a composite number?
True
Suppose 0*l + 24 = 8*l. Let w be 1/(-2)*l*80/(-24). Suppose 3*b - 1553 = -5*q + 813, -3*q = w*b - 3970. Is b a composite number?
False
Let p(x) = 3532*x**2 - 88*x - 1313. Is p(-14) prime?
True
Let l = -44031 - -83498. Is l a composite number?
True
Is (-1)/((-80)/(-32)) - 5714/(-10) composite?
False
Let g be -3 + 5 - (0 + 377). Let n be (1 + (-18)/10)/(150/g). Is (-5)/(-25) + (n - 10848/(-10)) a prime number?
True
Let n(w) = 91*w + 98305. Is n(0) prime?
False
Let j = -41 - -41. Suppose j = -5*f - 3*f + 41176. Is f prime?
True
Let j(k) = k**2 - 15*k + 8. Let g be j(14). Let z(q) = q**3 + 5*q**2 - 4*q - 15. Let d be z(g). Is 7170/4*6*(-3)/d a composite number?
True
Suppose -4*a = -4*o - 1353888, 4*a = -122*o + 123*o + 1353885. Is a a composite number?
True
Let i(t) = -2*t**2 - 10*t + 10. Let k be i(-6). Let j be ((2 - 1) + -755)/k. Is j + (-1 - (-3 - 2)) a prime number?
False
Let n(a) be the second derivative of 113*a**3/3 + a**2/2 + 30*a + 2. Is n(6) a composite number?
True
Let g = 881 + 267. Suppose -3*o - 3402 = -3*a + 2*o, a = -3*o + g. Is a a prime number?
False
Let s(b) = -60*b**3 + 14*b**2 + 19*b - 4. Is s(-11) composite?
True
Let f = 739566 + -248879. Is f a composite number?
True
Let q = -202 + 222. Suppose 4*p + 2589 = 5*j + 8*p, 0 = 5*p + q. Is j a composite number?
False
Let c(a) = a**3 + 17*a**2 + 8*a - 19. Let k(o) = -7*o + 27. Let h be k(6). Is c(h) composite?
False
Let t be -14*(-18)/336 + (-83)/4. Suppose -4*q + z - 25 = -4, -5*z + 9 = 4*q. Is 8/t*12010/q a prime number?
True
Is 3/(-9)*1*(-5 + (-6 - 743062)) prime?
True
Let z(d) = 2*d + 26. Let r be z(-12). Suppose -r*m + 2 = 2*k - 106, -264 = -5*m - 2*k. Is m/78*(-3678)/(-4) a prime number?
True
Let y(r) = 33*r**2 - 14*r - 8. Let i be y(-15). Suppose -2*s - 30*p = -31*p - 7639, -5*p - i = -2*s. Is s prime?
True
Let h(z) = -52*z**2 + 7*z + 15. Let u be h(-6). Let a be ((-3)/(-1))/((-78)/832). Is (u/(-12))/((-12)/a) composite?
True
Suppose 5*y - 24*y = 3021. Is 39/(-9)*y + 2 composite?
False
Suppose 635551 = -y + 5*y - 257077. Is y composite?
True
Suppose -6*v = -3344 - 4636. Let w = 428 + v. Suppose w = 3*h - 3*l, 0 = 9*h - 6*h - 4*l - 1757. Is h composite?
False
Suppose 20596 = 24*d - 302660. Is d composite?
False
Suppose -r + 28876 = 5*p, 6*p = r + 8*p - 28891. Is r composite?
False
Let p be 3*(3 - -20) + 2. Let m = 2634 + p. Is m composite?
True
Let i(d) = 98*d - 64. Let q be i(-11). Let p = q - -3189. Is p prime?
False
Let s(f) = -7*f + 11. Let d be s(2). Is d/((-2)/13 + (-273683)/(-1783249)) a prime number?
True
Let p(j) = -93*j + 2. Suppose 0 = -5*y + 5*l - 15, 3*y - 5*y + 5*l = 0. Let m be p(y). Suppose -3*r + m = -2434. Is r a composite number?
False
Is 2/(-45) - (-10586632)/2520 a prime number?
True
Let j(x) = 197*x - 33. Let c = -262 + 280. Is j(c) a prime number?
False
Suppose -2*a = 2*z - 4848, -3*z + 6*a + 7284 = 3*a. Is z prime?
False
Suppose -11*b - 158 = -26. Is ((-17096)/b + -1)*3 a prime number?
True
Suppose -15 = 8*h + 1. Let x(l) = -364*l + 57. Is x(h) prime?
False
Suppose -24*d + 267272 = 77384. Suppose -d + 21403 = 9*s. Is s a composite number?
False
Suppose -5*f = -6 - 4. Let t be (-139788)/30 - (f - (-16)/(-10)). Let j = t - -8987. Is j prime?
True
Is (120/(-48))/(20/(-1456296)) a prime number?
False
Let p(g) = -4*g**2 - 4*g - 4. Let y be p(-1). Let u be 201 + -6*y/6. Let v = u + -108. Is v a prime number?
True
Let o = -164 - -164. Suppose -3*a - 9362 + 24461 = o. Is a a prime number?
False
Let b be 5 - 21/(-13 + 6). Suppose 4*v = -t + b*v + 3623, 5*t + 5*v = 18040. Is t composite?
True
Let p(h) = 20*h**2 + 14*h - 79. Suppose -37*k - 34 + 1033 = 0. Is p(k) a composite number?
False
Suppose -8*v + 41057 = -1107218 - 573573. Is v composite?
True
Let y = -3382 + 5217. Let n = -298 + y. Let q = 120 + n. Is q composite?
False
Suppose -x + 2*d - 118 = -1618, 5*x + 4*d - 7458 = 0. Suppose h + 4*p = -567, 3*h = -p - 786 - 926. Let g = h + x. Is g composite?
True
Let m = -26 - -23. Let j(g) = g**3 + g**2 - 9*g - 7. Let i be j(m). Is (i/(-1)*179)/(-1 - 1) prime?
True
Let c(r) = -r**2 + 20*r + 3. Let d be c(20). Suppose 0 = 5*y + d*o - 6*o - 18709, -5*o - 18705 = -5*y. Is y a composite number?
True
Let v(s) = -3*s**3 - 16*s**2 - 14*s + 259. Is v(-32) a composite number?
True
Suppose 0 = 19*q - 0*q - 76. Suppose 4637 = q*i + 3*z, -4*i + 3*z + 2386 = -2281. Is i a prime number?
True
Let f be 0/(24/(-20)*(-10)/4). Suppose -x + 14*x - 158509 = f. Is x prime?
False
Suppose 4*b - 11556 = b. Let p = 1195 - 1152. Suppose -13*g + b = p. Is g composite?
False
Let i(j) = -32*j**2 + 2*j - 3. Let y be i(1). Let v be (-2 + 0)*(y/6 + 3). Suppose -v = x, -x - 3*x = 4*h - 2120. Is h prime?
False
Let m be (4880 - 8) + 2 + (-3)/(-3). Let i = -2672 + m. Is i composite?
False
Let z(y) = 208827*y**3 + 4*y**2 - 13*y + 13. Is z(1) a composite number?
True
Is (2575322/(-8)*4)/(1 - 1 - 1) composite?
False
Let n(y) = 64*y**3 + 3*y**2 + 17*y - 22. Let x be n(6). Let v = x + -8343. Is v composite?
False
Suppose 9316 = 40*y + 1556. Let o = y + 12141. Is